ded by 577.
465
What is the remainder when 492546 is divided by 7908?
2250
Calculate the remainder when 26883 is divided by 553.
339
What is the remainder when 14719823 is divided by 669079?
85
Calculate the remainder when 197156381 is divided by 132.
125
Calculate the remainder when 4360693 is divided by 408.
397
Calculate the remainder when 1248139 is divided by 51998.
187
Calculate the remainder when 8625387 is divided by 971.
965
Calculate the remainder when 35313186 is divided by 21376.
34
What is the remainder when 1107297 is divided by 25160?
257
What is the remainder when 109833 is divided by 354?
93
Calculate the remainder when 133467637 is divided by 189.
184
Calculate the remainder when 25517 is divided by 25435.
82
Calculate the remainder when 38615 is divided by 36802.
1813
Calculate the remainder when 699378 is divided by 116323.
1440
What is the remainder when 15032 is divided by 4846?
494
Calculate the remainder when 124021531 is divided by 188.
187
What is the remainder when 7143 is divided by 6819?
324
What is the remainder when 145511 is divided by 29095?
36
What is the remainder when 452961 is divided by 112866?
1497
Calculate the remainder when 32959 is divided by 646.
13
Calculate the remainder when 141059 is divided by 5148.
2063
Calculate the remainder when 10154788 is divided by 1269347.
12
What is the remainder when 11197730 is divided by 294671?
232
What is the remainder when 15094 is divided by 15084?
10
Calculate the remainder when 169285 is divided by 9950.
135
What is the remainder when 6854874 is divided by 725?
724
What is the remainder when 2549532 is divided by 424?
20
What is the remainder when 21396714 is divided by 43401?
21
Calculate the remainder when 94308 is divided by 9958.
4686
Calculate the remainder when 260015 is divided by 16249.
31
What is the remainder when 146263 is divided by 3471?
481
Calculate the remainder when 215435 is divided by 43084.
15
Calculate the remainder when 799788 is divided by 1097.
75
What is the remainder when 71725 is divided by 357?
325
Calculate the remainder when 5483968 is divided by 566.
560
Calculate the remainder when 2940528 is divided by 127.
97
Calculate the remainder when 16790 is divided by 7250.
2290
What is the remainder when 61218707 is divided by 340?
7
Calculate the remainder when 7892415 is divided by 28.
27
What is the remainder when 17108237 is divided by 3?
2
What is the remainder when 18247474 is divided by 15031?
14871
Calculate the remainder when 436010 is divided by 326.
148
What is the remainder when 99948 is divided by 1702?
1232
What is the remainder when 131797 is divided by 43224?
2125
Calculate the remainder when 7231 is divided by 548.
107
Calculate the remainder when 252175 is divided by 689.
1
Calculate the remainder when 797822 is divided by 158726.
4192
Calculate the remainder when 110166017 is divided by 10.
7
Calculate the remainder when 351434 is divided by 31882.
732
What is the remainder when 18553533 is divided by 145?
58
What is the remainder when 887914 is divided by 2716?
2498
What is the remainder when 985359 is divided by 677?
324
What is the remainder when 52385 is divided by 6835?
4540
What is the remainder when 4315786 is divided by 18?
16
Calculate the remainder when 299641 is divided by 149784.
73
What is the remainder when 309921 is divided by 61984?
1
What is the remainder when 42864 is divided by 3295?
29
What is the remainder when 3196138 is divided by 1247?
77
Calculate the remainder when 23752447 is divided by 290.
287
What is the remainder when 5546935 is divided by 235?
230
Calculate the remainder when 5870953 is divided by 82.
81
Calculate the remainder when 4681073 is divided by 1170242.
105
What is the remainder when 140950454 is divided by 95?
94
What is the remainder when 14634783 is divided by 212?
211
What is the remainder when 118172530 is divided by 65761?
13
What is the remainder when 1190762 is divided by 6?
2
Calculate the remainder when 249997 is divided by 13049.
2066
What is the remainder when 12715356 is divided by 698?
588
Calculate the remainder when 44250 is divided by 1056.
954
What is the remainder when 12541880 is divided by 1254187?
10
What is the remainder when 505509 is divided by 177?
174
What is the remainder when 245314788 is divided by 366?
360
Calculate the remainder when 360443 is divided by 360395.
48
Calculate the remainder when 167039 is divided by 152.
143
Calculate the remainder when 4833916 is divided by 19.
12
Calculate the remainder when 11342724 is divided by 231.
162
Calculate the remainder when 45091 is divided by 868.
823
Calculate the remainder when 249127 is divided by 41.
11
What is the remainder when 1282502 is divided by 75432?
158
Calculate the remainder when 74986545 is divided by 78.
75
Calculate the remainder when 3941035 is divided by 45293.
544
Calculate the remainder when 58985059 is divided by 19661686.
1
Calculate the remainder when 157702 is divided by 1213.
12
Calculate the remainder when 426078 is divided by 547.
512
What is the remainder when 8581843 is divided by 1546?
1543
Calculate the remainder when 122783706 is divided by 20.
6
What is the remainder when 2068239 is divided by 498?
45
Calculate the remainder when 1460296 is divided by 66.
46
Calculate the remainder when 691694 is divided by 30073.
15
Calculate the remainder when 266759 is divided by 133368.
23
Calculate the remainder when 22371 is divided by 405.
96
What is the remainder when 5664725 is divided by 188824?
5
What is the remainder when 63758624 is divided by 125?
124
What is the remainder when 1213009 is divided by 3578?
67
What is the remainder when 2915661 is divided by 37380?
21
Calculate the remainder when 110042 is divided by 244.
242
What is the remainder when 33075 is divided by 3659?
144
Calculate the remainder when 875112 is divided by 79419.
1503
Calculate the remainder when 20645712 is divided by 2580714.
0
Calculate the remainder when 44251 is divided by 44202.
49
What is the remainder when 33802 is divided by 1182?
706
What is the remainder when 16370 is divided by 383?
284
What is the remainder when 2782416 is divided by 735?
441
What is the remainder when 1349639 is divided by 4080?
3239
What is the remainder when 1398183 is divided by 233026?
27
What is the remainder when 2009227 is divided by 2412?
31
Calculate the remainder when 1323213 is divided by 15383.
275
Calculate the remainder when 981622 is divided by 2789.
2683
What is the remainder when 34539351 is divided by 59?
43
Calculate the remainder when 1281435 is divided by 425831.
3942
What is the remainder when 8026163 is divided by 95?
88
Calculate the remainder when 519608 is divided by 171703.
4499
What is the remainder when 27157702 is divided by 4403?
4401
Calculate the remainder when 6139616 is divided by 4741.
21
What is the remainder when 575631 is divided by 191857?
60
Calculate the remainder when 3705968 is divided by 2080.
1488
Calculate the remainder when 1095333 is divided by 44.
41
Calculate the remainder when 1551378 is divided by 96961.
2
What is the remainder when 1286186 is divided by 643088?
10
What is the remainder when 80167150 is divided by 923?
908
Calculate the remainder when 4969501 is divided by 23441.
9
Calculate the remainder when 446930 is divided by 3083.
2978
Calculate the remainder when 24621 is divided by 24620.
1
What is the remainder when 727431 is divided by 145482?
21
What is the remainder when 2011546 is divided by 894?
46
What is the remainder when 221555 is divided by 1601?
617
What is the remainder when 1606816 is divided by 2546?
290
What is the remainder when 5713598 is divided by 1142716?
18
Calculate the remainder when 1649685 is divided by 611.
596
Calculate the remainder when 6340739 is divided by 396294.
35
What is the remainder when 5715678 is divided by 197089?
97
What is the remainder when 5827919 is divided by 1668?
1595
What is the remainder when 1131615 is divided by 2039?
2009
What is the remainder when 46631 is divided by 23172?
287
What is the remainder when 1457501 is divided by 15?
11
Calculate the remainder when 477097 is divided by 25099.
216
What is the remainder when 673019 is divided by 24?
11
What is the remainder when 8924003 is divided by 752